{"id":24035,"date":"2025-01-09T01:51:00","date_gmt":"2025-01-09T01:51:00","guid":{"rendered":"https:\/\/popularnews.pw\/?page_id=24035"},"modified":"2025-01-09T01:51:00","modified_gmt":"2025-01-09T01:51:00","slug":"el-barcelona-sella-su-plaza-en-la-final-de-la-supercopa-tras-imponerse-al-athletic","status":"publish","type":"page","link":"https:\/\/popularnews.pw\/?page_id=24035","title":{"rendered":"El Barcelona sella su plaza en la final de la Supercopa tras imponerse al Athletic"},"content":{"rendered":"<div class=\"articleContainer\">\n<header class=\"articleHeader\">\n<div class=\"great-element-multimedia\">\n<div class=\"audio-noticia\">\n<div class=\"ondacero-player\">\n<div class=\"a3mod_player\"><img loading=\"lazy\" decoding=\"async\" class=\"vjs-poster\" title=\"El Barcelona sella su plaza en la final de la Supercopa tras imponerse al Athletic\" src=\"https:\/\/image.ondacero.es\/clipping\/cmsimages01\/2025\/01\/08\/9A689ED9-1578-4962-BF6A-3F2A4E9364E8\/barcelona-sella-plaza-final-supercopa-imponerse-athletic_69.jpg?crop=1920,1080,x0,y0&amp;width=1280&amp;height=720&amp;optimize=high&amp;format=webply\" alt=\"El Barcelona sella su plaza en la final de la Supercopa tras imponerse al Athletic\" width=\"1280\" height=\"720\" \/><\/p>\n<div class=\"fake-control-bar\">\n<div class=\"fake-control-bar_content\"><button class=\"fake-play-button \" type=\"button\"><span class=\"\">Play<\/span><\/button><\/p>\n<div class=\"fake-control-bar-data\"><span class=\"fake-control-bar-data-text\">Audio<\/span><span class=\"fake-control-bar-data-duration\">02:59<\/span><\/div>\n<div class=\"fake-control-bar_options\">\n<div class=\"shareBlock shareBlock__close  shareBlock__dinamic   shareBlock__transparent   \">\n<div class=\"shareBlock-container \"><button class=\"shareBlock-btn shareBlock-item shareBlock-toggle\" title=\"Compartir\" type=\"button\"><\/button><\/p>\n<ul class=\"shareBlock-list shareBlock-list--dark\">\n<li class=\"shareBlock-item shareBlock-item_embed \"><button class=\"btn-embed\" title=\"Embeber\" type=\"button\"><\/button>\n<p class=\"shareBlock-item_embed-txt\">C\u00f3digo copiado<\/p>\n<\/li>\n<li class=\"shareBlock-item shareBlock-item_whatsapp\"><\/li>\n<li class=\"shareBlock-item shareBlock-item_facebook\"><\/li>\n<li class=\"shareBlock-item shareBlock-item_twitter\"><\/li>\n<\/ul>\n<\/div>\n<\/div>\n<\/div>\n<\/div>\n<\/div>\n<\/div>\n<\/div>\n<\/div>\n<\/div>\n<\/header>\n<\/div>\n<div class=\"layoutSidebar\">\n<div class=\"layoutSidebar_primary\">\n<div class=\"layoutSidebar_primary_content\">\n<article class=\"articleContainer\">\n<div class=\"articleContent\">\n<p class=\"articleParagraph\">El Barcelona volvi\u00f3 a encomendarse a Lamine Yamal para firmar su pase a la final de la Supercopa tras derrotar al Athletic Club (0-2) en otra demostraci\u00f3n de la joya azulgrana que redonde\u00f3 una velada con doble festejo despu\u00e9s del \u2018indulto\u2019 a Dani Olmo y Pau V\u00edctor para ser inscritos de nuevo.<\/p>\n<p class=\"articleParagraph\">Los tantos de Gavi y de Yamal coronaron un partido en el que los cul\u00e9s fueron superiores frente a un rival mermado al no poder contar desde el inicio con Nico Williams y cuyos despistes le condenaron a ver rota su racha de quince partidos consecutivos invicto.<\/p>\n<p class=\"articleParagraph\">El subid\u00f3n por la noticia de Olmo y V\u00edctor y el retorno de Yamal se tradujeron en que el Bar\u00e7a tom\u00f3 la iniciativa desde el comienzo, ante un Athletic que acept\u00f3 el enroque para contener el \u00edmpetu azulgrana. El fruto tard\u00f3 poco en llegar y a los dos minutos, Kound\u00e9, a pase del joven extremo, tuvo la primera, pero Unai Sim\u00f3n la repeli\u00f3.<\/p>\n<p class=\"articleParagraph\">De inmediato, otro zarpazo por el mismo costado, con bal\u00f3n al \u00e1rea, donde Raphinha vol\u00f3 para empalar la pelota, que se fue ligeramente por encima del larguero. El tercer aviso vino poco despu\u00e9s, tambi\u00e9n por parte del extremo brasile\u00f1o, con un lanzamiento de falta con picard\u00eda que no pill\u00f3 por sorpresa al meta rojiblanco.<\/p>\n<p class=\"articleParagraph\">Los arreones no desorientaron a los \u2018leones\u2019, que se sacudieron algo la presi\u00f3n, aunque romos en ataque por la orfandad de estiletes, ya que tampoco cont\u00f3 con Sancet al no recuperarse del todo de su lesi\u00f3n.<\/p>\n<p class=\"articleParagraph\">Cuando el peligro parec\u00eda que proced\u00eda de los dominios de Yamal, lleg\u00f3 la triangulaci\u00f3n entre Pedri y Balde por el otro lateral, completada por Gavi en el coraz\u00f3n del \u00e1rea para poner el 0-1 en el minuto 17, su primer tanto despu\u00e9s de m\u00e1s de un a\u00f1o y dedicado con rabia a Olmo.<\/p>\n<p class=\"articleParagraph\">El gol ofusc\u00f3 al Athletic, al que le sigui\u00f3 acechando el peligro, con un rebote en la parte trasera de Lewandowski a despeje de Unai Sim\u00f3n y, tras un error de Paredes, una nueva acci\u00f3n de Raphinha que Yamal tampoco concluy\u00f3 en el rechace.<\/p>\n<p class=\"articleParagraph\">La primera ocasi\u00f3n clara de los rojiblancos en ataque la protagoniz\u00f3 I\u00f1aki Williams, el m\u00e1s entonado de los bilba\u00ednos, con una incursi\u00f3n por la derecha, pero a pesar de disponer de tiempo para trazar el pase, no logr\u00f3 desembocar en Guruzeta.<\/p>\n<p class=\"articleParagraph\">Tambi\u00e9n Jauregizar tuvo un tiro c\u00f3modo desde la frontal que se fue alto y al rato, Yuri Berchiche cabalg\u00f3 por su banda para cruzar un pase que cort\u00f3 atento Szczesny.<\/p>\n<p class=\"articleParagraph\">El meta polaco, una de las sorpresas del once de Flick, pas\u00f3 a cobrar protagonismo en su equipo, que se desdibuj\u00f3 en la recta final de la primera parte cuando el choque se embarull\u00f3.<\/p>\n<p class=\"articleParagraph\">En el revoltijo, el Athletic se sinti\u00f3 m\u00e1s c\u00f3modo y al filo del descanso, tuvo el empate con otra incursi\u00f3n de Yuri. El mayor de los Williams alcanz\u00f3 el bal\u00f3n en el primer palo, pero Szczesny la despej\u00f3 en su mejor parada.<\/p>\n<p class=\"articleParagraph\">El segundo acto comenz\u00f3 calcado al primero y Yamal volvi\u00f3 a tomar el mando para dejar claro sus galones con un p\u00fablico saud\u00ed entregado a sus destellos.<\/p>\n<p class=\"articleParagraph\">El extremo de Esplugues puso la guinda a su actuaci\u00f3n con el segundo tanto, una obra perfecta de control orientado y disparo inapelable con la zurda tras pase de Gavi, despu\u00e9s de una sucesi\u00f3n de errores encadenados de los jugadores del Athletic.<\/p>\n<p class=\"articleParagraph\">Con la semifinal certificada, Flick retir\u00f3 a Yamal para reservarlo ante la final, al tiempo que Ernesto Valverde introdujo a Nico Williams con el fin de intentar obrar el milagro.<\/p>\n<p class=\"articleParagraph\">El partido vir\u00f3 y los bilba\u00ednos, con De Marcos y Mikel Vesga tambi\u00e9n en el campo, disfrutaron de los mejores minutos gracias al t\u00e1ndem de los Williams, que dieron un par de avisos con los que el cuadro vasco se reanim\u00f3, al tiempo que el Bar\u00e7a regresaba a su fase m\u00e1s gris con la que cerr\u00f3 el a\u00f1o.<\/p>\n<p class=\"articleParagraph\">En el minuto 81, el Athletic pareci\u00f3 resucitar la semifinal con un tanto de De Marcos anulado por fuera de juego.<\/p>\n<p class=\"articleParagraph\">El VAR volvi\u00f3 a salvar a los de Flick cinco minutos despu\u00e9s, aunque esta vez con pol\u00e9mica, al no autorizar el gol de I\u00f1aki Williams por venir precedido de un leve toque de Djal\u00f3 cuando parec\u00eda que hab\u00eda sido De Jong el \u00faltimo en golpear despu\u00e9s de un error may\u00fasculo que evidenci\u00f3 la irregular temporada del neerland\u00e9s.<\/p>\n<div><\/div>\n<p class=\"articleParagraph\">Revisada la imagen y con el bal\u00f3n en el centro del campo, Ortiz Arias rebobin\u00f3 la acci\u00f3n y el partido languideci\u00f3 ante la resignaci\u00f3n de un Athletic que no pudo contrarrestar la magia de Lamal.<\/p>\n<\/div>\n<\/article>\n<\/div>\n<\/div>\n<\/div>\n","protected":false},"excerpt":{"rendered":"<p>Play Audio02:59 C\u00f3digo copiado El Barcelona volvi\u00f3 a encomendarse a Lamine Yamal para firmar su pase a la final de la Supercopa tras derrotar al Athletic Club&#8230; <\/p>\n","protected":false},"author":1,"featured_media":24036,"parent":0,"menu_order":0,"comment_status":"closed","ping_status":"closed","template":"","meta":{"om_disable_all_campaigns":false,"footnotes":""},"class_list":["post-24035","page","type-page","status-publish","has-post-thumbnail","hentry"],"yoast_head":"<!-- This site is optimized with the Yoast SEO plugin v27.3 - https:\/\/yoast.com\/product\/yoast-seo-wordpress\/ -->\n<title>El Barcelona sella su plaza en la final de la Supercopa tras imponerse al Athletic - POPULARNEWS<\/title>\n<meta name=\"robots\" content=\"index, follow, max-snippet:-1, max-image-preview:large, max-video-preview:-1\" \/>\n<link rel=\"canonical\" href=\"https:\/\/popularnews.pw\/?page_id=24035\" \/>\n<meta property=\"og:locale\" content=\"en_US\" \/>\n<meta property=\"og:type\" content=\"article\" \/>\n<meta property=\"og:title\" content=\"El Barcelona sella su plaza en la final de la Supercopa tras imponerse al Athletic - POPULARNEWS\" \/>\n<meta property=\"og:description\" content=\"Play Audio02:59 C\u00f3digo copiado El Barcelona volvi\u00f3 a encomendarse a Lamine Yamal para firmar su pase a la final de la Supercopa tras derrotar al Athletic Club...\" \/>\n<meta property=\"og:url\" content=\"https:\/\/popularnews.pw\/?page_id=24035\" \/>\n<meta property=\"og:site_name\" content=\"POPULARNEWS\" \/>\n<meta property=\"og:image\" content=\"https:\/\/popularnews.pw\/wp-content\/uploads\/2025\/01\/Screenshot-2025-01-09-025047.jpg\" \/>\n\t<meta property=\"og:image:width\" content=\"630\" \/>\n\t<meta property=\"og:image:height\" content=\"347\" \/>\n\t<meta property=\"og:image:type\" content=\"image\/jpeg\" \/>\n<meta name=\"twitter:card\" content=\"summary_large_image\" \/>\n<meta name=\"twitter:label1\" content=\"Est. reading time\" \/>\n\t<meta name=\"twitter:data1\" content=\"4 minutes\" \/>\n<script type=\"application\/ld+json\" class=\"yoast-schema-graph\">{\"@context\":\"https:\\\/\\\/schema.org\",\"@graph\":[{\"@type\":\"WebPage\",\"@id\":\"https:\\\/\\\/popularnews.pw\\\/?page_id=24035\",\"url\":\"https:\\\/\\\/popularnews.pw\\\/?page_id=24035\",\"name\":\"El Barcelona sella su plaza en la final de la Supercopa tras imponerse al Athletic - POPULARNEWS\",\"isPartOf\":{\"@id\":\"https:\\\/\\\/popularnews.pw\\\/#website\"},\"primaryImageOfPage\":{\"@id\":\"https:\\\/\\\/popularnews.pw\\\/?page_id=24035#primaryimage\"},\"image\":{\"@id\":\"https:\\\/\\\/popularnews.pw\\\/?page_id=24035#primaryimage\"},\"thumbnailUrl\":\"https:\\\/\\\/popularnews.pw\\\/wp-content\\\/uploads\\\/2025\\\/01\\\/Screenshot-2025-01-09-025047.jpg\",\"datePublished\":\"2025-01-09T01:51:00+00:00\",\"breadcrumb\":{\"@id\":\"https:\\\/\\\/popularnews.pw\\\/?page_id=24035#breadcrumb\"},\"inLanguage\":\"en-US\",\"potentialAction\":[{\"@type\":\"ReadAction\",\"target\":[\"https:\\\/\\\/popularnews.pw\\\/?page_id=24035\"]}]},{\"@type\":\"ImageObject\",\"inLanguage\":\"en-US\",\"@id\":\"https:\\\/\\\/popularnews.pw\\\/?page_id=24035#primaryimage\",\"url\":\"https:\\\/\\\/popularnews.pw\\\/wp-content\\\/uploads\\\/2025\\\/01\\\/Screenshot-2025-01-09-025047.jpg\",\"contentUrl\":\"https:\\\/\\\/popularnews.pw\\\/wp-content\\\/uploads\\\/2025\\\/01\\\/Screenshot-2025-01-09-025047.jpg\",\"width\":630,\"height\":347},{\"@type\":\"BreadcrumbList\",\"@id\":\"https:\\\/\\\/popularnews.pw\\\/?page_id=24035#breadcrumb\",\"itemListElement\":[{\"@type\":\"ListItem\",\"position\":1,\"name\":\"Home\",\"item\":\"https:\\\/\\\/popularnews.pw\\\/\"},{\"@type\":\"ListItem\",\"position\":2,\"name\":\"El Barcelona sella su plaza en la final de la Supercopa tras imponerse al Athletic\"}]},{\"@type\":\"WebSite\",\"@id\":\"https:\\\/\\\/popularnews.pw\\\/#website\",\"url\":\"https:\\\/\\\/popularnews.pw\\\/\",\"name\":\"POPULARNEWS\",\"description\":\"\",\"potentialAction\":[{\"@type\":\"SearchAction\",\"target\":{\"@type\":\"EntryPoint\",\"urlTemplate\":\"https:\\\/\\\/popularnews.pw\\\/?s={search_term_string}\"},\"query-input\":{\"@type\":\"PropertyValueSpecification\",\"valueRequired\":true,\"valueName\":\"search_term_string\"}}],\"inLanguage\":\"en-US\"}]}<\/script>\n<!-- \/ Yoast SEO plugin. -->","yoast_head_json":{"title":"El Barcelona sella su plaza en la final de la Supercopa tras imponerse al Athletic - POPULARNEWS","robots":{"index":"index","follow":"follow","max-snippet":"max-snippet:-1","max-image-preview":"max-image-preview:large","max-video-preview":"max-video-preview:-1"},"canonical":"https:\/\/popularnews.pw\/?page_id=24035","og_locale":"en_US","og_type":"article","og_title":"El Barcelona sella su plaza en la final de la Supercopa tras imponerse al Athletic - POPULARNEWS","og_description":"Play Audio02:59 C\u00f3digo copiado El Barcelona volvi\u00f3 a encomendarse a Lamine Yamal para firmar su pase a la final de la Supercopa tras derrotar al Athletic Club...","og_url":"https:\/\/popularnews.pw\/?page_id=24035","og_site_name":"POPULARNEWS","og_image":[{"width":630,"height":347,"url":"https:\/\/popularnews.pw\/wp-content\/uploads\/2025\/01\/Screenshot-2025-01-09-025047.jpg","type":"image\/jpeg"}],"twitter_card":"summary_large_image","twitter_misc":{"Est. reading time":"4 minutes"},"schema":{"@context":"https:\/\/schema.org","@graph":[{"@type":"WebPage","@id":"https:\/\/popularnews.pw\/?page_id=24035","url":"https:\/\/popularnews.pw\/?page_id=24035","name":"El Barcelona sella su plaza en la final de la Supercopa tras imponerse al Athletic - POPULARNEWS","isPartOf":{"@id":"https:\/\/popularnews.pw\/#website"},"primaryImageOfPage":{"@id":"https:\/\/popularnews.pw\/?page_id=24035#primaryimage"},"image":{"@id":"https:\/\/popularnews.pw\/?page_id=24035#primaryimage"},"thumbnailUrl":"https:\/\/popularnews.pw\/wp-content\/uploads\/2025\/01\/Screenshot-2025-01-09-025047.jpg","datePublished":"2025-01-09T01:51:00+00:00","breadcrumb":{"@id":"https:\/\/popularnews.pw\/?page_id=24035#breadcrumb"},"inLanguage":"en-US","potentialAction":[{"@type":"ReadAction","target":["https:\/\/popularnews.pw\/?page_id=24035"]}]},{"@type":"ImageObject","inLanguage":"en-US","@id":"https:\/\/popularnews.pw\/?page_id=24035#primaryimage","url":"https:\/\/popularnews.pw\/wp-content\/uploads\/2025\/01\/Screenshot-2025-01-09-025047.jpg","contentUrl":"https:\/\/popularnews.pw\/wp-content\/uploads\/2025\/01\/Screenshot-2025-01-09-025047.jpg","width":630,"height":347},{"@type":"BreadcrumbList","@id":"https:\/\/popularnews.pw\/?page_id=24035#breadcrumb","itemListElement":[{"@type":"ListItem","position":1,"name":"Home","item":"https:\/\/popularnews.pw\/"},{"@type":"ListItem","position":2,"name":"El Barcelona sella su plaza en la final de la Supercopa tras imponerse al Athletic"}]},{"@type":"WebSite","@id":"https:\/\/popularnews.pw\/#website","url":"https:\/\/popularnews.pw\/","name":"POPULARNEWS","description":"","potentialAction":[{"@type":"SearchAction","target":{"@type":"EntryPoint","urlTemplate":"https:\/\/popularnews.pw\/?s={search_term_string}"},"query-input":{"@type":"PropertyValueSpecification","valueRequired":true,"valueName":"search_term_string"}}],"inLanguage":"en-US"}]}},"_links":{"self":[{"href":"https:\/\/popularnews.pw\/index.php?rest_route=\/wp\/v2\/pages\/24035","targetHints":{"allow":["GET"]}}],"collection":[{"href":"https:\/\/popularnews.pw\/index.php?rest_route=\/wp\/v2\/pages"}],"about":[{"href":"https:\/\/popularnews.pw\/index.php?rest_route=\/wp\/v2\/types\/page"}],"author":[{"embeddable":true,"href":"https:\/\/popularnews.pw\/index.php?rest_route=\/wp\/v2\/users\/1"}],"replies":[{"embeddable":true,"href":"https:\/\/popularnews.pw\/index.php?rest_route=%2Fwp%2Fv2%2Fcomments&post=24035"}],"version-history":[{"count":1,"href":"https:\/\/popularnews.pw\/index.php?rest_route=\/wp\/v2\/pages\/24035\/revisions"}],"predecessor-version":[{"id":24037,"href":"https:\/\/popularnews.pw\/index.php?rest_route=\/wp\/v2\/pages\/24035\/revisions\/24037"}],"wp:featuredmedia":[{"embeddable":true,"href":"https:\/\/popularnews.pw\/index.php?rest_route=\/wp\/v2\/media\/24036"}],"wp:attachment":[{"href":"https:\/\/popularnews.pw\/index.php?rest_route=%2Fwp%2Fv2%2Fmedia&parent=24035"}],"curies":[{"name":"wp","href":"https:\/\/api.w.org\/{rel}","templated":true}]}}